divisor of g and 5.
1
Suppose -4*p + 72 = 2*a, -375*p - 138 = -5*a - 378*p. Calculate the greatest common divisor of 1360 and a.
8
Let c(q) = -3*q**3 - q**2 + 2*q. Let j be c(2). Let i = 45 + j. Calculate the greatest common factor of 14 and i.
7
Let k(c) = 3*c**2 - 49*c - 98. Let o be k(22). Calculate the highest common factor of o and 384.
12
Let g be ((-2136)/320*8)/(6/(-20)). What is the greatest common divisor of g and 623?
89
Suppose 260*t - 366*t = -482936. What is the greatest common factor of 544 and t?
68
Let g = -2601 + 2649. Calculate the greatest common factor of g and 1812.
12
Suppose -12*i = -418 - 230 + 288. What is the highest common factor of i and 8070?
30
Suppose -47*j + 18 = -41*j. Let u = -62 + 64. What is the highest common factor of j and u?
1
Let v = 8435 + -8391. What is the highest common factor of 66 and v?
22
Let w(b) = 1308*b - 109857. Let q be w(84). Suppose -2 = -5*v + 73. Calculate the highest common divisor of q and v.
15
Suppose -4*n + 45 = 5. Let q(b) = -b + 3. Let h be q(-2). Let z be (h/2)/((-6)/(-192)). What is the highest common divisor of n and z?
10
Suppose 1888 - 9571 = -48*a - 243. What is the highest common divisor of a and 1116?
31
Let w(u) = u + 11. Let t be w(-9). Suppose t*x = -2*x + 432. Suppose 39*p - 36*p - x = 0. Calculate the highest common divisor of 90 and p.
18
Let d be (855/180)/(3/648). Calculate the highest common factor of 646 and d.
38
Let z = 12406 - 12286. What is the highest common factor of 8670 and z?
30
Suppose 467*c + 6 = 464*c. Let q(u) = -7*u - 7. Let b(z) = z. Let m(h) = -b(h) + q(h). Let j be m(c). What is the greatest common divisor of j and 9?
9
Suppose -5*v + 249 = 2*g, 76*g - 3*v - 209 = 74*g. Calculate the highest common factor of 812 and g.
28
Let w = -16 + 20. Let c be -2*3/4*(1 + -3). Suppose -1 = -s + a, c*s + a + 0*a - 3 = 0. What is the greatest common factor of s and w?
1
Let k(i) = i**2 + 3*i + 6. Let l be k(-3). Let m be 1892/12 - 143/(-33). What is the greatest common divisor of m and l?
6
Let u = 217 - 216. Suppose -r - 4*b + 12 = -5*b, 5*r - 30 = -5*b. Calculate the greatest common divisor of u and r.
1
Suppose 0 = 26*b - 32829 + 12757. Calculate the greatest common divisor of b and 68.
4
Let d = 64 - 56. Suppose -1501 = -d*h + 3*h - n, -5*n = 2*h - 605. Calculate the highest common factor of 120 and h.
60
Let w(q) = -1 - 7 - 3*q + q**2 + 10. Let l be w(3). Suppose 0*s - 4*s + 797 = 5*i, 3*s = -l*i + 596. Calculate the highest common divisor of s and 18.
18
Suppose 0 = -2*g - b - 19, 12*b - 8*b = 5*g + 67. Let t = g - -20. Let y = 17 - -28. What is the highest common divisor of t and y?
9
Let l(x) = 4*x**2 - 194*x - 388. Let p be l(52). Calculate the highest common divisor of p and 420.
20
Let q(s) = 299*s - 4. Let p be q(1). Let y = -284 + p. Suppose 5 = 7*d - 2*d, -4*h - 5*d = -313. Calculate the highest common factor of h and y.
11
Let n be 4/((-12)/(-43)) - 10/(-15). Suppose -49*o = -5*z - 45*o + 128, 5*o - n = 0. Calculate the greatest common factor of 28 and z.
28
Let l be (-14032)/(-18) - ((-3584)/288)/28. What is the greatest common factor of 702 and l?
78
Suppose -j - 3*j + 36 = 0. Suppose 3*f = -2*b + 13, -13*f - 71 = -17*f + 5*b. Calculate the greatest common factor of j and f.
9
Let b(n) = 14*n**2 - 5*n - 1. Let k = 20 + -22. Let f be b(k). What is the greatest common divisor of 78 and f?
13
Let j = -570 + 615. Suppose 0 = 3*a - g - 51 - j, -4*g = a - 32. Calculate the greatest common divisor of a and 176.
16
Let k = 11892 - 11766. What is the greatest common divisor of 224 and k?
14
Let j(n) = 25*n + 437. Let u be j(-17). Let h(p) = p. Let f be h(1). Let c be (31 - f)*2/1. Calculate the greatest common factor of u and c.
12
Let v be (464/(-290))/(-2 + 804/405). Calculate the greatest common factor of 8028 and v.
36
Suppose 0 = 23*h - 13039 - 31673. Calculate the highest common factor of h and 24.
24
Let z be 1 + 224/(3 + 1) - 110/22. Calculate the greatest common divisor of 3926 and z.
26
Let i be (34/(-4))/((-163)/2282). Suppose -89 = -5*c + 166. Calculate the highest common divisor of c and i.
17
Let f = 3782 - 744. Calculate the greatest common factor of f and 98.
98
Let l = -2401 + 2917. What is the highest common divisor of 108 and l?
12
Let h = 43 + -52. Let j be (-138 + 126)/(1/h). What is the greatest common divisor of 36 and j?
36
Suppose -4*j + j + 23 = 2*d, 5*j - 9 = 4*d. Suppose -b + 115 = 3*z - 65, -3*z = d*b - 702. Calculate the greatest common factor of b and 6.
6
Let q be (30/4)/((-2666)/15480 - (-2)/9). What is the highest common factor of q and 510?
30
Let p be ((-2626)/(-1818))/((-1)/(-27)). What is the greatest common factor of p and 1729?
13
Let g(y) = 63*y - 6. Let u be g(-5). Let o = -188 - u. Suppose -2*n + 8 = -6*f, -4*n - 2*f - 15067 = -15153. What is the greatest common factor of o and n?
19
Let n be (-7)/4*(-989 - (-10 + 9)). Calculate the greatest common divisor of n and 91.
91
Suppose -5*g = m - 202, -5*m + 143*g + 898 = 140*g. What is the greatest common factor of m and 20?
2
Suppose 6*s - 2*s - 476 = 0. Suppose -5*j - s = -439. Suppose -5*r + j = -5*y - 126, 5*r + 4*y = 208. What is the highest common divisor of r and 20?
20
Suppose -7*c = -126 - 70. Let x = c + -32. Let v be (-2)/x*(-6*14)/(-6). Calculate the greatest common factor of v and 49.
7
Let o = -2 + 0. Let w be 5/(-1)*4/5*o. Suppose w*k + 84 = 14*k. What is the greatest common factor of 14 and k?
14
Let h be 2 + (2 - 6/3)/(-1). Let u be 0 - (-1 - (5 - h)). Suppose -u*s + 29 + 55 = 0. Calculate the greatest common divisor of 105 and s.
21
Let h be (-3)/3*-1 + 9. Let i = -6401 + 6531. What is the highest common factor of i and h?
10
Let t(q) = -40*q - 243. Let n = 305 + -314. Let k be t(n). Calculate the highest common factor of k and 195.
39
Let b(k) = -k + 36. Let w be b(12). Let g = -19 + w. Suppose 4*a - 64 = g*s, -11 - 5 = -a + 4*s. What is the greatest common factor of a and 96?
16
Suppose 5*c + 5*c = 0. Let z be 0 + 0 - c - (45 + -90). What is the greatest common factor of 63 and z?
9
Let r be 22/55 + (1 - (-22)/(-5)). Let g be 408/(-16)*46/r. Calculate the greatest common factor of 17 and g.
17
Let z(b) = 13*b**3 + 2 + 2*b**2 - 21*b**3 + 9*b**3 + 3*b. Let f be z(2). Suppose -832 = -f*s + 16*s. What is the highest common divisor of 13 and s?
13
Let y(q) = 343*q + 5185. Let i be y(-15). Calculate the greatest common factor of i and 50.
10
Suppose -21*r + 8*r + 4680 = 0. Let h be (9 - r)*(-2)/6. What is the highest common divisor of 18 and h?
9
Suppose -3*h + 70 = 3*p - h, -p = 5*h - 6. Let m = 9 + 17. Calculate the highest common divisor of p and m.
26
Suppose 9*c = 12*c - 12, -5*c = -2*u + 48. What is the highest common divisor of 187 and u?
17
Let c be 5/(-4) + -6 + (-1800915)/(-60). Calculate the greatest common divisor of 496 and c.
248
Let g be 3*(1 + 11/3). Let x be 150/g - 10/(-210)*6. What is the highest common factor of 110 and x?
11
Let m(j) = 2*j + 1. Let o be m(6). Let y(v) = v**3 + 148*v**2 - 1917*v + 649. Let n be y(-160). Calculate the greatest common divisor of o and n.
13
Suppose -29*s - 1443 = -19075. Calculate the greatest common factor of 931 and s.
19
Let k be 5 - 851/(-2) - (-1)/(-2). Suppose 3*l - l = 2*q + k, 0 = 4*l - 3*q - 863. Let t = 338 - l. Calculate the greatest common divisor of t and 24.
24
Let t be 200/6*18/5. Suppose i + 4*h = t, 2*i + 3*i - 3*h - 600 = 0. Let a = 190257 - 190245. What is the greatest common divisor of i and a?
12
Let i(l) = 33*l - 99. Let r be i(11). Let u be (2 + r/18)*6. What is the highest common factor of 20 and u?
20
Let f be (-204)/(-238) + ((-8949)/7)/(-3). What is the greatest common divisor of 182 and f?
7
Let q(u) = u**3 - 4*u**2 - 231*u - 9. Let f be q(-13). What is the greatest common factor of 99 and f?
11
Let s(f) = 13*f**2 + 250*f + 2267. Let w be s(-9). Calculate the greatest common factor of w and 11342.
214
Suppose -h + 12*h + 19*h - 225840 = 0. Calculate the greatest common divisor of h and 16.
8
Suppose 5*m - 65 = -0*m. Suppose -9*u + 312 = 15*u. What is the greatest common divisor of m and u?
13
Suppose 4*x = -3*x + 15*x - 1728. What is the highest common factor of 13 and x?
1
Let m be (0 - -3)/((-6)/(-40)). Suppose -15 = -3*o + 3*r, 0 = 5*r + 117 - 92. Suppose 5*b - 4